 i be j(27). Let o be 7/(i/(-18))*-7. Suppose 3*n - 29 - 43 = 0. Calculate the highest common divisor of n and o.
6
Let a be (-1490)/4 - (-8)/16. Let u = a + 374. What is the greatest common factor of 16 and u?
2
Suppose -10352 + 3685 = -21*q - 38*q. What is the highest common factor of 11 and q?
1
Let u be 1820/(-98)*(1*-1056 - 1). Calculate the greatest common divisor of 130 and u.
130
Let h be (54/(-6) - -49)/(4/2). Suppose -839 = -h*b + 661. Calculate the highest common divisor of 225 and b.
75
Suppose 530 = 13*r + 192. What is the greatest common factor of r and 1183?
13
Let j be 238277/611 - (-46)/2162. What is the highest common divisor of j and 130?
130
Let b be (10/4)/(1/22). Suppose -5*x + b = 5*t, 2*x = -2*x + 3*t + 30. Let w be 12/(-3)*2/(-4). Calculate the greatest common divisor of w and x.
1
Let c(w) = w**2 - 100*w + 2704. Let v be c(54). Calculate the greatest common factor of v and 2365.
55
Let f(h) = -h**2 + 19*h - 18. Let d be f(9). Suppose -12*q + 2683 = 955. What is the highest common divisor of d and q?
72
Let q = -4961 - -4982. What is the greatest common divisor of q and 938?
7
Let p = -171 + 243. Let m be (-13 - (1 + -5) - -4)*1. Let i(d) = d**2 + 3*d + 2. Let x be i(m). What is the highest common factor of p and x?
12
Let x be (-2)/(-11) + 119/11. Suppose -62*n + 67*n - 455 = 0. Suppose n = -8*g + 355. What is the highest common factor of x and g?
11
Suppose 5194 + 3120 = 71*g - 10643. What is the highest common divisor of 24 and g?
3
Let z = 9648 - 9587. Calculate the highest common divisor of 10004 and z.
61
Suppose 3*g - 3*v = -0*v - 30, -2*v - 85 = 5*g. Let c = 1 + g. Let l be ((-45)/10)/(1/c). What is the highest common divisor of l and 21?
21
Suppose -587*a = -552*a - 2800. Let q be 4/((-4)/2)*-8. What is the highest common divisor of q and a?
16
Let s = 4138 - 3766. What is the greatest common divisor of s and 2139?
93
Let w be (24/5 + (-12 - -8))/((-2)/(-190)). Calculate the highest common divisor of w and 68.
4
Let w = -58 + 61. Suppose 15*f - 528 = w*f. What is the highest common factor of f and 121?
11
Let w(r) = 2*r**2 - 8*r + 6. Let i be w(4). Suppose -66*z = -64*z - i. Let l be 33/5*((-240)/6)/(-8). Calculate the highest common factor of z and l.
3
Suppose -27 = 4*z - 51. Let b(x) = 9*x - 30. Let u be b(z). Calculate the greatest common factor of u and 66.
6
Let l be (353 - -4) + 0 + 12/3. Suppose 0 = 4*b - l + 145. What is the greatest common factor of b and 108?
54
Let v(u) = -761*u - 955. Let b be v(-2). What is the greatest common factor of 1296 and b?
81
Let l(r) = r**2 - 10*r - 22. Let o be l(12). Suppose -4*y + p + 780 = 6*p, 2*y = -o*p + 392. What is the highest common factor of y and 16?
8
Suppose 0 = 87*v + 36*v - 9225. Let d = 241 - 151. What is the greatest common factor of d and v?
15
Suppose -35*n + 42388 = 5*s - 36*n, -5*n - 42420 = -5*s. What is the highest common factor of 52 and s?
52
Suppose -732 = -11*a + 1523. Let c = a + -175. Calculate the highest common divisor of c and 50.
10
Suppose 4017 = u + 8*o - 11*o, 16000 = 4*u + 5*o. What is the greatest common divisor of u and 90?
45
Let c(t) = 3*t + 157. Let v be c(-39). Suppose -49*z + v*z + 162 = 0. What is the highest common divisor of z and 30?
6
Let p(w) = -26*w - 6. Let x be p(-3). Let t(a) = -a**2 + 28*a + 28. Let f be t(29). Let n be (64/80)/(f/(-10)). Calculate the greatest common factor of n and x.
8
Let c be -26*(-2*(-6)/(-24) + 7 + -10). Calculate the highest common divisor of 1456 and c.
91
Let n = -190 + -10. Let b = -181 - n. What is the greatest common divisor of b and 38?
19
Suppose 166 = 2*d + 4*z, d + 5*z - 103 = -32. Suppose d*c - 680 = 86*c. Calculate the highest common divisor of c and 170.
34
Suppose 10*g - 3*g - 896 = 0. Let f be g/(-14) - (-13)/91. Let x be (2 - -2) + (f - -7). What is the greatest common factor of x and 16?
2
Let w = 10259 - 10223. Calculate the highest common factor of 2691 and w.
9
Let d(o) = 58*o + 2546. Let b be d(14). What is the highest common factor of 138 and b?
46
Suppose 4 = x - 7. Suppose g = 7*b - x*b + 309, 2*b + 5*g = 177. What is the greatest common factor of 209 and b?
19
Let v be (-138)/(-15) + (-1)/5. Suppose v*i - 75 = 4*i. Suppose -2*j - 3*p + i = 0, 7*j + p - 25 = 3*j. What is the greatest common divisor of 42 and j?
6
Let a = -44 - -34. Let c(l) = -l**2 - 11*l + 7. Let k be c(a). Let b = 22 + 165. Calculate the greatest common factor of k and b.
17
Suppose 0 = -9*p + 84 - 399. Let h = p + 47. Let u be 4/2*(7 + 3). Calculate the highest common factor of u and h.
4
Let h be 28/3 + 4/(-12). Let v = -43 - -24. Let a(z) = -z**2 - 25*z - 105. Let q be a(v). What is the highest common divisor of h and q?
9
Let p = 319 + 43. What is the highest common divisor of 8 and p?
2
Suppose -117 = -11*u + 752. Suppose -2*f = -4*h - 112, -2*h + u + 45 = 2*f. What is the highest common factor of f and 168?
12
Let t(j) = 5*j - 63. Let i be t(13). Suppose 3*v = 6*u - i*u - 41, u - 5 = -v. Calculate the highest common divisor of u and 108.
4
Let a be -1 - ((-348)/4 - 2). Suppose 149 = -20*q + 369. Calculate the highest common divisor of a and q.
11
Let b(f) = -f**2 - 48*f - 99. Let y be b(-44). Calculate the highest common divisor of 21 and y.
7
Suppose 4*s - 4*r = 68, -11*s + 13*s = r + 27. Let i(j) = 7*j + 3. Let t be i(6). Calculate the highest common factor of s and t.
5
Suppose -3*z - s + 32 = 0, 0 = -3*z - 5*s + 17 + 23. Suppose 12*v - 34 = z*v. What is the greatest common divisor of v and 289?
17
Suppose 27 + 29 = 2*a. Let y = -147 - -154. Suppose -11 = 2*k - y*k + 3*q, -2*q = 3*k - 18. Calculate the greatest common divisor of k and a.
4
Let t be (-7)/(-21)*33 - (-1297 + 8). Let r be ((-50)/8)/((-6)/24). Calculate the highest common divisor of r and t.
25
Suppose -7*d - 1003 = -24*d. Let c be (-7 + 1)*(212/(-8) + -3). Calculate the greatest common divisor of d and c.
59
Suppose 7*h - 3*h - 96 = 0. Suppose c + 4*q = -0*q - 42, c + 39 = -3*q. Let n be (-1240)/(-52) + (c/(-65))/3. What is the greatest common divisor of n and h?
24
Let n = -25 - -74. Suppose -v = 4*g - 31, 4*g + 58 = 5*v - n. Suppose -3*j = -83 + v. Calculate the greatest common factor of j and 5.
5
Let y(j) = 5*j**3 + 109*j**2 - 24*j - 43. Let i be y(-22). Let d be 2/4 + 7/2. What is the greatest common divisor of d and i?
1
Let j be (-35)/20 + (-20)/16. Let k be 4147/65 - j/15. Calculate the highest common divisor of 224 and k.
32
Suppose 13*c = -2*c. Suppose -2*k + 395 = -3*q, 4*q = -c*q + 4. Let m be 6/(-12) + (0 - k/(-2)). Calculate the greatest common factor of 11 and m.
11
Suppose 4*x - 6*u + 5*u = 335, -3*x + 245 = -2*u. Let m be (1 + x/(-15) + 4)*-429. Let g be 2/7 + (-180)/(-7). What is the greatest common factor of m and g?
26
Let g(h) = -2*h**2 + 135*h + 575. Let t be g(-4). What is the highest common divisor of 3876 and t?
3
Suppose 3*j + 0*j + 3*j = 0. Suppose j = -0*d - 8*d + 72. Calculate the highest common factor of d and 63.
9
Suppose -y + 3*y = 4*g + 36, -5*g = 4*y - 20. Let d be (-107)/(-5) + 6/y. Calculate the greatest common divisor of d and 11.
11
Suppose -334*d - 34935 = -339*d. Calculate the greatest common divisor of d and 51.
51
Let o = 31589 - 20589. Let r be ((-2)/5)/((-4)/o*2). Let w = r - 350. Calculate the greatest common factor of w and 80.
40
Let q = -2994 - -3094. Calculate the highest common factor of 45 and q.
5
Suppose 462 = -27*l + 30*l. Let d be (-2)/(-11) + 1820/l. Suppose 15*r = 11*r + d. Calculate the greatest common divisor of 51 and r.
3
Let t = -26 - -110. Suppose -1142*m + 1143*m - t = 0. What is the highest common factor of 378 and m?
42
Suppose -3*s - k + 17 = 0, -s + 3*k - 5*k + 4 = 0. Suppose b - 63 = 99. What is the greatest common divisor of s and b?
6
Let l(t) = t**2 + 14*t + 44. Let n = -342 - -331. Let k be l(n). Calculate the highest common divisor of k and 913.
11
Let u be 7/((-14)/(-4)) + 1. Suppose 7 + 4 = 2*y + 5*k, -3*k + 21 = u*y. What is the highest common divisor of y and 104?
8
Let g(x) = -2*x**2 - 28*x + 22. Let q(i) = 6*i**2 + 85*i - 65. Let o(p) = -17*g(p) - 6*q(p). Let z be o(-17). What is the greatest common divisor of z and 16?
16
Suppose 44*f + n = 47*f - 726, -3*f + 3*n = -720. What is the greatest common factor of f and 594?
27
Let a be 1/(8/(-115